{"id":946,"date":"2025-01-11T11:06:01","date_gmt":"2025-01-11T11:06:01","guid":{"rendered":"https:\/\/benga.fr\/?page_id=946"},"modified":"2025-01-11T11:06:01","modified_gmt":"2025-01-11T11:06:01","slug":"contact","status":"publish","type":"page","link":"https:\/\/benga.fr\/?page_id=946","title":{"rendered":"Contact"},"content":{"rendered":"<div class=\"wpb-content-wrapper\"><p>[vc_row][vc_column css_animation=&#8221;bounceIn&#8221;][\/vc_column][\/vc_row][vc_row][vc_column][vc_empty_space][\/vc_column][vc_column video_bg=&#8221;yes&#8221; css_animation=&#8221;bounceInDown&#8221; width=&#8221;1\/2&#8243;][vc_empty_space][vc_column_text css_animation=&#8221;bounceIn&#8221; css=&#8221;&#8221;]<strong>Besoin d\u2019aide !!! <\/strong>D\u2019informations ou d\u2019un accompagnement personnalis\u00e9 ? Contactez l\u2019\u00e9quipe BENGA, nous sommes l\u00e0 pour vous r\u00e9pondre rapidement et vous guider ![\/vc_column_text][vc_empty_space]\n<div class=\"wpcf7 no-js\" id=\"wpcf7-f806-o1\" lang=\"en-US\" dir=\"ltr\" data-wpcf7-id=\"806\">\n<div class=\"screen-reader-response\"><p role=\"status\" aria-live=\"polite\" aria-atomic=\"true\"><\/p> <ul><\/ul><\/div>\n<form action=\"\/index.php?rest_route=%2Fwp%2Fv2%2Fpages%2F946#wpcf7-f806-o1\" method=\"post\" class=\"wpcf7-form init\" aria-label=\"Contact form\" novalidate=\"novalidate\" data-status=\"init\">\n<div style=\"display: none;\">\n<input type=\"hidden\" name=\"_wpcf7\" value=\"806\" \/>\n<input type=\"hidden\" name=\"_wpcf7_version\" value=\"6.0.1\" \/>\n<input type=\"hidden\" name=\"_wpcf7_locale\" value=\"en_US\" \/>\n<input type=\"hidden\" name=\"_wpcf7_unit_tag\" value=\"wpcf7-f806-o1\" \/>\n<input type=\"hidden\" name=\"_wpcf7_container_post\" value=\"0\" \/>\n<input type=\"hidden\" name=\"_wpcf7_posted_data_hash\" value=\"\" \/>\n<\/div>\n<div class=\"row\">\n\t<div class=\"col-sm-12 col-md-6 col-lg-6\">\n\t\t<div class=\"input-filled\">\n\t\t\t<p><span class=\"wpcf7-form-control-wrap\" data-name=\"your-name\"><input size=\"40\" maxlength=\"400\" class=\"wpcf7-form-control wpcf7-text wpcf7-validates-as-required\" aria-required=\"true\" aria-invalid=\"false\" placeholder=\"Full Name\" value=\"\" type=\"text\" name=\"your-name\" \/><\/span>\n\t\t\t<\/p>\n\t\t<\/div>\n\t<\/div>\n\t<div class=\"col-sm-12 col-md-6 col-lg-6\">\n\t\t<div class=\"input-filled\">\n\t\t\t<p><span class=\"wpcf7-form-control-wrap\" data-name=\"your-email\"><input size=\"40\" maxlength=\"400\" class=\"wpcf7-form-control wpcf7-email wpcf7-validates-as-required wpcf7-text wpcf7-validates-as-email\" aria-required=\"true\" aria-invalid=\"false\" placeholder=\"Email Address\" value=\"\" type=\"email\" name=\"your-email\" \/><\/span>\n\t\t\t<\/p>\n\t\t<\/div>\n\t<\/div>\n<\/div>\n<div class=\"row\">\n\t<div class=\"col-12\">\n\t\t<div class=\"input-filled\">\n\t\t\t<p><span class=\"wpcf7-form-control-wrap\" data-name=\"your-message\"><textarea cols=\"40\" rows=\"10\" maxlength=\"2000\" class=\"wpcf7-form-control wpcf7-textarea wpcf7-validates-as-required\" aria-required=\"true\" aria-invalid=\"false\" placeholder=\"Message\" name=\"your-message\"><\/textarea><\/span>\n\t\t\t<\/p>\n\t\t<\/div>\n\t<\/div>\n<\/div>\n<div class=\"row\">\n\t<div class=\"col-12 rm-margin\">\n\t\t<p><input class=\"wpcf7-form-control wpcf7-submit has-spinner btn\" type=\"submit\" value=\"Submit\" \/>\n\t\t<\/p>\n\t<\/div>\n<\/div><div class=\"wpcf7-response-output\" aria-hidden=\"true\"><\/div>\n<\/form>\n<\/div>\n[\/vc_column][vc_column width=&#8221;1\/2&#8243;][vc_gmaps link=&#8221;#E-8_JTNDaWZyYW1lJTIwc3JjJTNEJTIyaHR0cHMlM0ElMkYlMkZ3d3cuZ29vZ2xlLmNvbSUyRm1hcHMlMkZlbWJlZCUzRnBiJTNEJTIxMW0xOCUyMTFtMTIlMjExbTMlMjExZDI2MzQuNTc4MjIzMjc4Mzg0JTIxMmQyLjU0NjE0NjQ5MzU1NDQyNjUlMjEzZDQ4LjY3NTMwODU5NzMyNzc4NSUyMTJtMyUyMTFmMCUyMTJmMCUyMTNmMCUyMTNtMiUyMTFpMTAyNCUyMTJpNzY4JTIxNGYxMy4xJTIxM20zJTIxMW0yJTIxMXMweDQ3ZTVlMjE0ODYyMmJiNDklMjUzQTB4YzhiNmM4NWFiYTI0Y2I3JTIxMnMxMiUyNTIwUnVlJTI1MjBkdSUyNTIwUGFyYyUyNTJDJTI1MjA5MTQ4MCUyNTIwVmFyZW5uZXMtSmFyY3klMjE1ZTAlMjEzbTIlMjExc2VuJTIxMnNmciUyMTR2MTczNjUwOTQyMzU0MCUyMTVtMiUyMTFzZW4lMjEyc2ZyJTIyJTIwd2lkdGglM0QlMjI2MDAlMjIlMjBoZWlnaHQlM0QlMjI0NTAlMjIlMjBzdHlsZSUzRCUyMmJvcmRlciUzQTAlM0IlMjIlMjBhbGxvd2Z1bGxzY3JlZW4lM0QlMjIlMjIlMjBsb2FkaW5nJTNEJTIybGF6eSUyMiUyMHJlZmVycmVycG9saWN5JTNEJTIybm8tcmVmZXJyZXItd2hlbi1kb3duZ3JhZGUlMjIlM0UlM0MlMkZpZnJhbWUlM0U=&#8221; css=&#8221;&#8221;][\/vc_column][\/vc_row]<\/p>\n<\/div>","protected":false},"excerpt":{"rendered":"<p>[vc_row][vc_column css_animation=&#8221;bounceIn&#8221;][\/vc_column][\/vc_row][vc_row][vc_column][vc_empty_space][\/vc_column][vc_column video_bg=&#8221;yes&#8221; css_animation=&#8221;bounceInDown&#8221; width=&#8221;1\/2&#8243;][vc_empty_space][vc_column_text css_animation=&#8221;bounceIn&#8221; css=&#8221;&#8221;]Besoin d\u2019aide !!! D\u2019informations ou d\u2019un accompagnement personnalis\u00e9 ? Contactez l\u2019\u00e9quipe BENGA, nous sommes l\u00e0 pour vous r\u00e9pondre rapidement et vous guider ![\/vc_column_text][vc_empty_space][\/vc_column][vc_column width=&#8221;1\/2&#8243;][vc_gmaps link=&#8221;#E-8_JTNDaWZyYW1lJTIwc3JjJTNEJTIyaHR0cHMlM0ElMkYlMkZ3d3cuZ29vZ2xlLmNvbSUyRm1hcHMlMkZlbWJlZCUzRnBiJTNEJTIxMW0xOCUyMTFtMTIlMjExbTMlMjExZDI2MzQuNTc4MjIzMjc4Mzg0JTIxMmQyLjU0NjE0NjQ5MzU1NDQyNjUlMjEzZDQ4LjY3NTMwODU5NzMyNzc4NSUyMTJtMyUyMTFmMCUyMTJmMCUyMTNmMCUyMTNtMiUyMTFpMTAyNCUyMTJpNzY4JTIxNGYxMy4xJTIxM20zJTIxMW0yJTIxMXMweDQ3ZTVlMjE0ODYyMmJiNDklMjUzQTB4YzhiNmM4NWFiYTI0Y2I3JTIxMnMxMiUyNTIwUnVlJTI1MjBkdSUyNTIwUGFyYyUyNTJDJTI1MjA5MTQ4MCUyNTIwVmFyZW5uZXMtSmFyY3klMjE1ZTAlMjEzbTIlMjExc2VuJTIxMnNmciUyMTR2MTczNjUwOTQyMzU0MCUyMTVtMiUyMTFzZW4lMjEyc2ZyJTIyJTIwd2lkdGglM0QlMjI2MDAlMjIlMjBoZWlnaHQlM0QlMjI0NTAlMjIlMjBzdHlsZSUzRCUyMmJvcmRlciUzQTAlM0IlMjIlMjBhbGxvd2Z1bGxzY3JlZW4lM0QlMjIlMjIlMjBsb2FkaW5nJTNEJTIybGF6eSUyMiUyMHJlZmVycmVycG9saWN5JTNEJTIybm8tcmVmZXJyZXItd2hlbi1kb3duZ3JhZGUlMjIlM0UlM0MlMkZpZnJhbWUlM0U=&#8221; css=&#8221;&#8221;][\/vc_column][\/vc_row]<\/p>\n","protected":false},"author":1,"featured_media":0,"parent":0,"menu_order":0,"comment_status":"closed","ping_status":"closed","template":"","meta":{"footnotes":""},"class_list":["post-946","page","type-page","status-publish","hentry"],"yoast_head":"<!-- This site is optimized with the Yoast SEO plugin v25.5 - https:\/\/yoast.com\/wordpress\/plugins\/seo\/ -->\n<title>Contact - benga<\/title>\n<meta name=\"robots\" content=\"index, follow, max-snippet:-1, max-image-preview:large, max-video-preview:-1\" \/>\n<link rel=\"canonical\" href=\"https:\/\/benga.fr\/?page_id=946\" \/>\n<meta property=\"og:locale\" content=\"en_US\" \/>\n<meta property=\"og:type\" content=\"article\" \/>\n<meta property=\"og:title\" content=\"Contact - benga\" \/>\n<meta property=\"og:description\" content=\"[vc_row][vc_column css_animation=&#8221;bounceIn&#8221;][\/vc_column][\/vc_row][vc_row][vc_column][vc_empty_space][\/vc_column][vc_column video_bg=&#8221;yes&#8221; css_animation=&#8221;bounceInDown&#8221; width=&#8221;1\/2&#8243;][vc_empty_space][vc_column_text css_animation=&#8221;bounceIn&#8221; css=&#8221;&#8221;]Besoin d\u2019aide !!! D\u2019informations ou d\u2019un accompagnement personnalis\u00e9 ? Contactez l\u2019\u00e9quipe BENGA, nous sommes l\u00e0 pour vous r\u00e9pondre rapidement et vous guider ![\/vc_column_text][vc_empty_space][\/vc_column][vc_column width=&#8221;1\/2&#8243;][vc_gmaps link=&#8221;#E-8_JTNDaWZyYW1lJTIwc3JjJTNEJTIyaHR0cHMlM0ElMkYlMkZ3d3cuZ29vZ2xlLmNvbSUyRm1hcHMlMkZlbWJlZCUzRnBiJTNEJTIxMW0xOCUyMTFtMTIlMjExbTMlMjExZDI2MzQuNTc4MjIzMjc4Mzg0JTIxMmQyLjU0NjE0NjQ5MzU1NDQyNjUlMjEzZDQ4LjY3NTMwODU5NzMyNzc4NSUyMTJtMyUyMTFmMCUyMTJmMCUyMTNmMCUyMTNtMiUyMTFpMTAyNCUyMTJpNzY4JTIxNGYxMy4xJTIxM20zJTIxMW0yJTIxMXMweDQ3ZTVlMjE0ODYyMmJiNDklMjUzQTB4YzhiNmM4NWFiYTI0Y2I3JTIxMnMxMiUyNTIwUnVlJTI1MjBkdSUyNTIwUGFyYyUyNTJDJTI1MjA5MTQ4MCUyNTIwVmFyZW5uZXMtSmFyY3klMjE1ZTAlMjEzbTIlMjExc2VuJTIxMnNmciUyMTR2MTczNjUwOTQyMzU0MCUyMTVtMiUyMTFzZW4lMjEyc2ZyJTIyJTIwd2lkdGglM0QlMjI2MDAlMjIlMjBoZWlnaHQlM0QlMjI0NTAlMjIlMjBzdHlsZSUzRCUyMmJvcmRlciUzQTAlM0IlMjIlMjBhbGxvd2Z1bGxzY3JlZW4lM0QlMjIlMjIlMjBsb2FkaW5nJTNEJTIybGF6eSUyMiUyMHJlZmVycmVycG9saWN5JTNEJTIybm8tcmVmZXJyZXItd2hlbi1kb3duZ3JhZGUlMjIlM0UlM0MlMkZpZnJhbWUlM0U=&#8221; css=&#8221;&#8221;][\/vc_column][\/vc_row]\" \/>\n<meta property=\"og:url\" content=\"https:\/\/benga.fr\/?page_id=946\" \/>\n<meta property=\"og:site_name\" content=\"benga\" \/>\n<meta name=\"twitter:card\" content=\"summary_large_image\" \/>\n<meta name=\"twitter:label1\" content=\"Est. reading time\" \/>\n\t<meta name=\"twitter:data1\" content=\"1 minute\" \/>\n<script type=\"application\/ld+json\" class=\"yoast-schema-graph\">{\"@context\":\"https:\/\/schema.org\",\"@graph\":[{\"@type\":\"WebPage\",\"@id\":\"https:\/\/benga.fr\/?page_id=946\",\"url\":\"https:\/\/benga.fr\/?page_id=946\",\"name\":\"Contact - benga\",\"isPartOf\":{\"@id\":\"https:\/\/benga.fr\/#website\"},\"datePublished\":\"2025-01-11T11:06:01+00:00\",\"breadcrumb\":{\"@id\":\"https:\/\/benga.fr\/?page_id=946#breadcrumb\"},\"inLanguage\":\"en-US\",\"potentialAction\":[{\"@type\":\"ReadAction\",\"target\":[\"https:\/\/benga.fr\/?page_id=946\"]}]},{\"@type\":\"BreadcrumbList\",\"@id\":\"https:\/\/benga.fr\/?page_id=946#breadcrumb\",\"itemListElement\":[{\"@type\":\"ListItem\",\"position\":1,\"name\":\"Home\",\"item\":\"https:\/\/benga.fr\/\"},{\"@type\":\"ListItem\",\"position\":2,\"name\":\"Contact\"}]},{\"@type\":\"WebSite\",\"@id\":\"https:\/\/benga.fr\/#website\",\"url\":\"https:\/\/benga.fr\/\",\"name\":\"benga\",\"description\":\"\",\"publisher\":{\"@id\":\"https:\/\/benga.fr\/#organization\"},\"potentialAction\":[{\"@type\":\"SearchAction\",\"target\":{\"@type\":\"EntryPoint\",\"urlTemplate\":\"https:\/\/benga.fr\/?s={search_term_string}\"},\"query-input\":{\"@type\":\"PropertyValueSpecification\",\"valueRequired\":true,\"valueName\":\"search_term_string\"}}],\"inLanguage\":\"en-US\"},{\"@type\":\"Organization\",\"@id\":\"https:\/\/benga.fr\/#organization\",\"name\":\"benga\",\"url\":\"https:\/\/benga.fr\/\",\"logo\":{\"@type\":\"ImageObject\",\"inLanguage\":\"en-US\",\"@id\":\"https:\/\/benga.fr\/#\/schema\/logo\/image\/\",\"url\":\"https:\/\/benga.fr\/wp-content\/uploads\/2024\/12\/cropped-Logo-1-1.png\",\"contentUrl\":\"https:\/\/benga.fr\/wp-content\/uploads\/2024\/12\/cropped-Logo-1-1.png\",\"width\":220,\"height\":105,\"caption\":\"benga\"},\"image\":{\"@id\":\"https:\/\/benga.fr\/#\/schema\/logo\/image\/\"}}]}<\/script>\n<!-- \/ Yoast SEO plugin. -->","yoast_head_json":{"title":"Contact - benga","robots":{"index":"index","follow":"follow","max-snippet":"max-snippet:-1","max-image-preview":"max-image-preview:large","max-video-preview":"max-video-preview:-1"},"canonical":"https:\/\/benga.fr\/?page_id=946","og_locale":"en_US","og_type":"article","og_title":"Contact - benga","og_description":"[vc_row][vc_column css_animation=&#8221;bounceIn&#8221;][\/vc_column][\/vc_row][vc_row][vc_column][vc_empty_space][\/vc_column][vc_column video_bg=&#8221;yes&#8221; css_animation=&#8221;bounceInDown&#8221; width=&#8221;1\/2&#8243;][vc_empty_space][vc_column_text css_animation=&#8221;bounceIn&#8221; css=&#8221;&#8221;]Besoin d\u2019aide !!! D\u2019informations ou d\u2019un accompagnement personnalis\u00e9 ? Contactez l\u2019\u00e9quipe BENGA, nous sommes l\u00e0 pour vous r\u00e9pondre rapidement et vous guider ![\/vc_column_text][vc_empty_space][\/vc_column][vc_column width=&#8221;1\/2&#8243;][vc_gmaps link=&#8221;#E-8_JTNDaWZyYW1lJTIwc3JjJTNEJTIyaHR0cHMlM0ElMkYlMkZ3d3cuZ29vZ2xlLmNvbSUyRm1hcHMlMkZlbWJlZCUzRnBiJTNEJTIxMW0xOCUyMTFtMTIlMjExbTMlMjExZDI2MzQuNTc4MjIzMjc4Mzg0JTIxMmQyLjU0NjE0NjQ5MzU1NDQyNjUlMjEzZDQ4LjY3NTMwODU5NzMyNzc4NSUyMTJtMyUyMTFmMCUyMTJmMCUyMTNmMCUyMTNtMiUyMTFpMTAyNCUyMTJpNzY4JTIxNGYxMy4xJTIxM20zJTIxMW0yJTIxMXMweDQ3ZTVlMjE0ODYyMmJiNDklMjUzQTB4YzhiNmM4NWFiYTI0Y2I3JTIxMnMxMiUyNTIwUnVlJTI1MjBkdSUyNTIwUGFyYyUyNTJDJTI1MjA5MTQ4MCUyNTIwVmFyZW5uZXMtSmFyY3klMjE1ZTAlMjEzbTIlMjExc2VuJTIxMnNmciUyMTR2MTczNjUwOTQyMzU0MCUyMTVtMiUyMTFzZW4lMjEyc2ZyJTIyJTIwd2lkdGglM0QlMjI2MDAlMjIlMjBoZWlnaHQlM0QlMjI0NTAlMjIlMjBzdHlsZSUzRCUyMmJvcmRlciUzQTAlM0IlMjIlMjBhbGxvd2Z1bGxzY3JlZW4lM0QlMjIlMjIlMjBsb2FkaW5nJTNEJTIybGF6eSUyMiUyMHJlZmVycmVycG9saWN5JTNEJTIybm8tcmVmZXJyZXItd2hlbi1kb3duZ3JhZGUlMjIlM0UlM0MlMkZpZnJhbWUlM0U=&#8221; css=&#8221;&#8221;][\/vc_column][\/vc_row]","og_url":"https:\/\/benga.fr\/?page_id=946","og_site_name":"benga","twitter_card":"summary_large_image","twitter_misc":{"Est. reading time":"1 minute"},"schema":{"@context":"https:\/\/schema.org","@graph":[{"@type":"WebPage","@id":"https:\/\/benga.fr\/?page_id=946","url":"https:\/\/benga.fr\/?page_id=946","name":"Contact - benga","isPartOf":{"@id":"https:\/\/benga.fr\/#website"},"datePublished":"2025-01-11T11:06:01+00:00","breadcrumb":{"@id":"https:\/\/benga.fr\/?page_id=946#breadcrumb"},"inLanguage":"en-US","potentialAction":[{"@type":"ReadAction","target":["https:\/\/benga.fr\/?page_id=946"]}]},{"@type":"BreadcrumbList","@id":"https:\/\/benga.fr\/?page_id=946#breadcrumb","itemListElement":[{"@type":"ListItem","position":1,"name":"Home","item":"https:\/\/benga.fr\/"},{"@type":"ListItem","position":2,"name":"Contact"}]},{"@type":"WebSite","@id":"https:\/\/benga.fr\/#website","url":"https:\/\/benga.fr\/","name":"benga","description":"","publisher":{"@id":"https:\/\/benga.fr\/#organization"},"potentialAction":[{"@type":"SearchAction","target":{"@type":"EntryPoint","urlTemplate":"https:\/\/benga.fr\/?s={search_term_string}"},"query-input":{"@type":"PropertyValueSpecification","valueRequired":true,"valueName":"search_term_string"}}],"inLanguage":"en-US"},{"@type":"Organization","@id":"https:\/\/benga.fr\/#organization","name":"benga","url":"https:\/\/benga.fr\/","logo":{"@type":"ImageObject","inLanguage":"en-US","@id":"https:\/\/benga.fr\/#\/schema\/logo\/image\/","url":"https:\/\/benga.fr\/wp-content\/uploads\/2024\/12\/cropped-Logo-1-1.png","contentUrl":"https:\/\/benga.fr\/wp-content\/uploads\/2024\/12\/cropped-Logo-1-1.png","width":220,"height":105,"caption":"benga"},"image":{"@id":"https:\/\/benga.fr\/#\/schema\/logo\/image\/"}}]}},"_links":{"self":[{"href":"https:\/\/benga.fr\/index.php?rest_route=\/wp\/v2\/pages\/946","targetHints":{"allow":["GET"]}}],"collection":[{"href":"https:\/\/benga.fr\/index.php?rest_route=\/wp\/v2\/pages"}],"about":[{"href":"https:\/\/benga.fr\/index.php?rest_route=\/wp\/v2\/types\/page"}],"author":[{"embeddable":true,"href":"https:\/\/benga.fr\/index.php?rest_route=\/wp\/v2\/users\/1"}],"replies":[{"embeddable":true,"href":"https:\/\/benga.fr\/index.php?rest_route=%2Fwp%2Fv2%2Fcomments&post=946"}],"version-history":[{"count":31,"href":"https:\/\/benga.fr\/index.php?rest_route=\/wp\/v2\/pages\/946\/revisions"}],"predecessor-version":[{"id":977,"href":"https:\/\/benga.fr\/index.php?rest_route=\/wp\/v2\/pages\/946\/revisions\/977"}],"wp:attachment":[{"href":"https:\/\/benga.fr\/index.php?rest_route=%2Fwp%2Fv2%2Fmedia&parent=946"}],"curies":[{"name":"wp","href":"https:\/\/api.w.org\/{rel}","templated":true}]}}